{"id":33,"date":"2023-03-24T18:05:13","date_gmt":"2023-03-24T21:05:13","guid":{"rendered":"https:\/\/construtora.criandoseusite.com.br\/projetos\/?page_id=33"},"modified":"2023-03-30T15:20:34","modified_gmt":"2023-03-30T18:20:34","slug":"blog","status":"publish","type":"page","link":"https:\/\/construtora.criandoseusite.com.br\/projetos\/blog\/","title":{"rendered":"Blog"},"content":{"rendered":"\t\t<div data-elementor-type=\"wp-page\" data-elementor-id=\"33\" class=\"elementor elementor-33\">\n\t\t\t\t\t\t\t<div data-particle_enable=\"false\" data-particle-mobile-disabled=\"false\" class=\"elementor-element elementor-element-d0df21e e-con-boxed e-con\" data-id=\"d0df21e\" data-element_type=\"container\" data-settings=\"{&quot;background_background&quot;:&quot;slideshow&quot;,&quot;background_slideshow_gallery&quot;:[{&quot;id&quot;:75,&quot;url&quot;:&quot;http:\\\/\\\/construtora.criandoseusite.com.br\\\/projetos\\\/wp-content\\\/uploads\\\/2023\\\/03\\\/banner01.jpg&quot;},{&quot;id&quot;:76,&quot;url&quot;:&quot;http:\\\/\\\/construtora.criandoseusite.com.br\\\/projetos\\\/wp-content\\\/uploads\\\/2023\\\/03\\\/banner03.jpg&quot;},{&quot;id&quot;:77,&quot;url&quot;:&quot;http:\\\/\\\/construtora.criandoseusite.com.br\\\/projetos\\\/wp-content\\\/uploads\\\/2023\\\/03\\\/banner02.jpg&quot;}],&quot;background_slideshow_ken_burns&quot;:&quot;yes&quot;,&quot;content_width&quot;:&quot;boxed&quot;,&quot;background_slideshow_loop&quot;:&quot;yes&quot;,&quot;background_slideshow_slide_duration&quot;:5000,&quot;background_slideshow_slide_transition&quot;:&quot;fade&quot;,&quot;background_slideshow_transition_duration&quot;:500,&quot;background_slideshow_ken_burns_zoom_direction&quot;:&quot;in&quot;}\">\n\t\t\t\t\t<div class=\"e-con-inner\">\n\t\t\t\t<div class=\"elementor-element elementor-element-a550b4e elementor-widget__width-inherit elementor-widget elementor-widget-heading\" data-id=\"a550b4e\" data-element_type=\"widget\" data-widget_type=\"heading.default\">\n\t\t\t\t<div class=\"elementor-widget-container\">\n\t\t\t<style>\/*! elementor - v3.12.0 - 29-03-2023 *\/\n.elementor-heading-title{padding:0;margin:0;line-height:1}.elementor-widget-heading .elementor-heading-title[class*=elementor-size-]>a{color:inherit;font-size:inherit;line-height:inherit}.elementor-widget-heading .elementor-heading-title.elementor-size-small{font-size:15px}.elementor-widget-heading .elementor-heading-title.elementor-size-medium{font-size:19px}.elementor-widget-heading .elementor-heading-title.elementor-size-large{font-size:29px}.elementor-widget-heading .elementor-heading-title.elementor-size-xl{font-size:39px}.elementor-widget-heading .elementor-heading-title.elementor-size-xxl{font-size:59px}<\/style><h1 class=\"elementor-heading-title elementor-size-default\">Bem-vindo<span style=\"color: #ffffff\"> ao nosso blog<\/span><\/h1>\t\t<\/div>\n\t\t\t\t<\/div>\n\t\t\t\t\t<\/div>\n\t\t\t\t<\/div>\n\t\t<div data-particle_enable=\"false\" data-particle-mobile-disabled=\"false\" class=\"elementor-element elementor-element-3f06015 e-con-boxed e-con\" data-id=\"3f06015\" data-element_type=\"container\" data-settings=\"{&quot;background_background&quot;:&quot;classic&quot;,&quot;content_width&quot;:&quot;boxed&quot;}\">\n\t\t\t\t\t<div class=\"e-con-inner\">\n\t\t<div data-particle_enable=\"false\" data-particle-mobile-disabled=\"false\" class=\"elementor-element elementor-element-c65cb18 e-con-full e-con\" data-id=\"c65cb18\" data-element_type=\"container\" data-settings=\"{&quot;content_width&quot;:&quot;full&quot;}\">\n\t\t\t\t<div class=\"elementor-element elementor-element-b994928 elementor-widget__width-inherit elementor-widget elementor-widget-heading\" data-id=\"b994928\" data-element_type=\"widget\" data-widget_type=\"heading.default\">\n\t\t\t\t<div class=\"elementor-widget-container\">\n\t\t\t<h1 class=\"elementor-heading-title elementor-size-default\"><span style=\"color: #643291\">\u00daltimas<\/span> Postagens<\/h1>\t\t<\/div>\n\t\t\t\t<\/div>\n\t\t\t\t<div class=\"elementor-element elementor-element-ca0a6b6 elementor-widget__width-inherit elementor-widget elementor-widget-text-editor\" data-id=\"ca0a6b6\" data-element_type=\"widget\" data-widget_type=\"text-editor.default\">\n\t\t\t\t<div class=\"elementor-widget-container\">\n\t\t\t<style>\/*! elementor - v3.12.0 - 29-03-2023 *\/\n.elementor-widget-text-editor.elementor-drop-cap-view-stacked .elementor-drop-cap{background-color:#69727d;color:#fff}.elementor-widget-text-editor.elementor-drop-cap-view-framed .elementor-drop-cap{color:#69727d;border:3px solid;background-color:transparent}.elementor-widget-text-editor:not(.elementor-drop-cap-view-default) .elementor-drop-cap{margin-top:8px}.elementor-widget-text-editor:not(.elementor-drop-cap-view-default) .elementor-drop-cap-letter{width:1em;height:1em}.elementor-widget-text-editor .elementor-drop-cap{float:left;text-align:center;line-height:1;font-size:50px}.elementor-widget-text-editor .elementor-drop-cap-letter{display:inline-block}<\/style>\t\t\t\t<p>Lorem ipsum dolor sit amet, consectetur adipiscing elit. Ut elit tellus, luctus nec t elit tellus, luctus nec ullamcorper mattis, pulvinar dapibus leo.<\/p>\t\t\t\t\t\t<\/div>\n\t\t\t\t<\/div>\n\t\t\t\t<div class=\"elementor-element elementor-element-8451e1e elementor-grid-3 elementor-grid-tablet-2 elementor-grid-mobile-1 elementor-posts--thumbnail-top elementor-widget elementor-widget-posts\" data-id=\"8451e1e\" data-element_type=\"widget\" data-settings=\"{&quot;pagination_type&quot;:&quot;numbers&quot;,&quot;classic_columns&quot;:&quot;3&quot;,&quot;classic_columns_tablet&quot;:&quot;2&quot;,&quot;classic_columns_mobile&quot;:&quot;1&quot;,&quot;classic_row_gap&quot;:{&quot;unit&quot;:&quot;px&quot;,&quot;size&quot;:35,&quot;sizes&quot;:[]},&quot;classic_row_gap_widescreen&quot;:{&quot;unit&quot;:&quot;px&quot;,&quot;size&quot;:&quot;&quot;,&quot;sizes&quot;:[]},&quot;classic_row_gap_laptop&quot;:{&quot;unit&quot;:&quot;px&quot;,&quot;size&quot;:&quot;&quot;,&quot;sizes&quot;:[]},&quot;classic_row_gap_tablet_extra&quot;:{&quot;unit&quot;:&quot;px&quot;,&quot;size&quot;:&quot;&quot;,&quot;sizes&quot;:[]},&quot;classic_row_gap_tablet&quot;:{&quot;unit&quot;:&quot;px&quot;,&quot;size&quot;:&quot;&quot;,&quot;sizes&quot;:[]},&quot;classic_row_gap_mobile_extra&quot;:{&quot;unit&quot;:&quot;px&quot;,&quot;size&quot;:&quot;&quot;,&quot;sizes&quot;:[]},&quot;classic_row_gap_mobile&quot;:{&quot;unit&quot;:&quot;px&quot;,&quot;size&quot;:&quot;&quot;,&quot;sizes&quot;:[]}}\" data-widget_type=\"posts.classic\">\n\t\t\t\t<div class=\"elementor-widget-container\">\n\t\t\t<link rel=\"stylesheet\" href=\"https:\/\/construtora.criandoseusite.com.br\/projetos\/wp-content\/plugins\/elementor-pro\/assets\/css\/widget-posts.min.css\">\t\t<div class=\"elementor-posts-container elementor-posts elementor-posts--skin-classic elementor-grid\">\n\t\t\t\t<article class=\"elementor-post elementor-grid-item post-440 post type-post status-publish format-standard has-post-thumbnail hentry category-sem-categoria\">\n\t\t\t\t<a class=\"elementor-post__thumbnail__link\" href=\"https:\/\/construtora.criandoseusite.com.br\/projetos\/como-definir-o-publico-alvo-na-engenharia-civil\/\" >\n\t\t\t<div class=\"elementor-post__thumbnail\"><img decoding=\"async\" width=\"1280\" height=\"720\" src=\"https:\/\/construtora.criandoseusite.com.br\/projetos\/wp-content\/uploads\/2023\/03\/publico-alvo-na-Engenharia-Civil.png\" class=\"attachment-full size-full wp-image-442\" alt=\"\" loading=\"lazy\" srcset=\"https:\/\/construtora.criandoseusite.com.br\/projetos\/wp-content\/uploads\/2023\/03\/publico-alvo-na-Engenharia-Civil.png 1280w, https:\/\/construtora.criandoseusite.com.br\/projetos\/wp-content\/uploads\/2023\/03\/publico-alvo-na-Engenharia-Civil-300x169.png 300w, https:\/\/construtora.criandoseusite.com.br\/projetos\/wp-content\/uploads\/2023\/03\/publico-alvo-na-Engenharia-Civil-1024x576.png 1024w, https:\/\/construtora.criandoseusite.com.br\/projetos\/wp-content\/uploads\/2023\/03\/publico-alvo-na-Engenharia-Civil-768x432.png 768w\" sizes=\"(max-width: 1280px) 100vw, 1280px\" \/><\/div>\n\t\t<\/a>\n\t\t\t\t<div class=\"elementor-post__text\">\n\t\t\t\t<h3 class=\"elementor-post__title\">\n\t\t\t<a href=\"https:\/\/construtora.criandoseusite.com.br\/projetos\/como-definir-o-publico-alvo-na-engenharia-civil\/\" >\n\t\t\t\tComo definir o p\u00fablico-alvo na Engenharia Civil?\t\t\t<\/a>\n\t\t<\/h3>\n\t\t\t\t<div class=\"elementor-post__meta-data\">\n\t\t\t\t\t<span class=\"elementor-post-date\">\n\t\t\t30 de March de 2023\t\t<\/span>\n\t\t\t\t<span class=\"elementor-post-avatar\">\n\t\t\tNo Comments\t\t<\/span>\n\t\t\t\t<\/div>\n\t\t\t\t<div class=\"elementor-post__excerpt\">\n\t\t\t<p>Primeiramente, podemos dizer que o p\u00fablico-alvo na engenharia civil \u00e9 um dos fatores primordiais para que uma empresa tenha sucesso. Hoje, conhecer quem consome os<\/p>\n\t\t<\/div>\n\t\t\n\t\t<a class=\"elementor-post__read-more\" href=\"https:\/\/construtora.criandoseusite.com.br\/projetos\/como-definir-o-publico-alvo-na-engenharia-civil\/\" aria-label=\"Read more about Como definir o p\u00fablico-alvo na Engenharia Civil?\" >\n\t\t\tLeia mais\u00bb\t\t<\/a>\n\n\t\t\t\t<\/div>\n\t\t\t\t<\/article>\n\t\t\t\t<article class=\"elementor-post elementor-grid-item post-437 post type-post status-publish format-standard has-post-thumbnail hentry category-sem-categoria\">\n\t\t\t\t<a class=\"elementor-post__thumbnail__link\" href=\"https:\/\/construtora.criandoseusite.com.br\/projetos\/fim-do-reboco-na-parede-como-criar-um-efeito-simples-na-parede-com-bandejas-de-isopor\/\" >\n\t\t\t<div class=\"elementor-post__thumbnail\"><img decoding=\"async\" width=\"1280\" height=\"720\" src=\"https:\/\/construtora.criandoseusite.com.br\/projetos\/wp-content\/uploads\/2023\/03\/Fim-do-reboco-na-parede.jpg\" class=\"attachment-full size-full wp-image-438\" alt=\"\" loading=\"lazy\" srcset=\"https:\/\/construtora.criandoseusite.com.br\/projetos\/wp-content\/uploads\/2023\/03\/Fim-do-reboco-na-parede.jpg 1280w, https:\/\/construtora.criandoseusite.com.br\/projetos\/wp-content\/uploads\/2023\/03\/Fim-do-reboco-na-parede-300x169.jpg 300w, https:\/\/construtora.criandoseusite.com.br\/projetos\/wp-content\/uploads\/2023\/03\/Fim-do-reboco-na-parede-1024x576.jpg 1024w, https:\/\/construtora.criandoseusite.com.br\/projetos\/wp-content\/uploads\/2023\/03\/Fim-do-reboco-na-parede-768x432.jpg 768w\" sizes=\"(max-width: 1280px) 100vw, 1280px\" \/><\/div>\n\t\t<\/a>\n\t\t\t\t<div class=\"elementor-post__text\">\n\t\t\t\t<h3 class=\"elementor-post__title\">\n\t\t\t<a href=\"https:\/\/construtora.criandoseusite.com.br\/projetos\/fim-do-reboco-na-parede-como-criar-um-efeito-simples-na-parede-com-bandejas-de-isopor\/\" >\n\t\t\t\tFim do reboco na parede: como criar um efeito simples na parede com bandejas de isopor\t\t\t<\/a>\n\t\t<\/h3>\n\t\t\t\t<div class=\"elementor-post__meta-data\">\n\t\t\t\t\t<span class=\"elementor-post-date\">\n\t\t\t30 de March de 2023\t\t<\/span>\n\t\t\t\t<span class=\"elementor-post-avatar\">\n\t\t\tNo Comments\t\t<\/span>\n\t\t\t\t<\/div>\n\t\t\t\t<div class=\"elementor-post__excerpt\">\n\t\t\t<p>Fim do reboco na parede: atualmente, o que n\u00e3o faltam s\u00e3o op\u00e7\u00f5es para fazer uma obra ou pequenos reparos em casa sem gastar muito. Por<\/p>\n\t\t<\/div>\n\t\t\n\t\t<a class=\"elementor-post__read-more\" href=\"https:\/\/construtora.criandoseusite.com.br\/projetos\/fim-do-reboco-na-parede-como-criar-um-efeito-simples-na-parede-com-bandejas-de-isopor\/\" aria-label=\"Read more about Fim do reboco na parede: como criar um efeito simples na parede com bandejas de isopor\" >\n\t\t\tLeia mais\u00bb\t\t<\/a>\n\n\t\t\t\t<\/div>\n\t\t\t\t<\/article>\n\t\t\t\t<article class=\"elementor-post elementor-grid-item post-434 post type-post status-publish format-standard has-post-thumbnail hentry category-sem-categoria\">\n\t\t\t\t<a class=\"elementor-post__thumbnail__link\" href=\"https:\/\/construtora.criandoseusite.com.br\/projetos\/o-que-e-industria-da-construcao\/\" >\n\t\t\t<div class=\"elementor-post__thumbnail\"><img decoding=\"async\" width=\"1657\" height=\"1080\" src=\"https:\/\/construtora.criandoseusite.com.br\/projetos\/wp-content\/uploads\/2023\/03\/tecnologia-na-construcao-civil.jpg\" class=\"attachment-full size-full wp-image-435\" alt=\"\" loading=\"lazy\" srcset=\"https:\/\/construtora.criandoseusite.com.br\/projetos\/wp-content\/uploads\/2023\/03\/tecnologia-na-construcao-civil.jpg 1657w, https:\/\/construtora.criandoseusite.com.br\/projetos\/wp-content\/uploads\/2023\/03\/tecnologia-na-construcao-civil-300x196.jpg 300w, https:\/\/construtora.criandoseusite.com.br\/projetos\/wp-content\/uploads\/2023\/03\/tecnologia-na-construcao-civil-1024x667.jpg 1024w, https:\/\/construtora.criandoseusite.com.br\/projetos\/wp-content\/uploads\/2023\/03\/tecnologia-na-construcao-civil-768x501.jpg 768w, https:\/\/construtora.criandoseusite.com.br\/projetos\/wp-content\/uploads\/2023\/03\/tecnologia-na-construcao-civil-1536x1001.jpg 1536w\" sizes=\"(max-width: 1657px) 100vw, 1657px\" \/><\/div>\n\t\t<\/a>\n\t\t\t\t<div class=\"elementor-post__text\">\n\t\t\t\t<h3 class=\"elementor-post__title\">\n\t\t\t<a href=\"https:\/\/construtora.criandoseusite.com.br\/projetos\/o-que-e-industria-da-construcao\/\" >\n\t\t\t\tO que \u00e9 Ind\u00fastria da constru\u00e7\u00e3o?\t\t\t<\/a>\n\t\t<\/h3>\n\t\t\t\t<div class=\"elementor-post__meta-data\">\n\t\t\t\t\t<span class=\"elementor-post-date\">\n\t\t\t30 de March de 2023\t\t<\/span>\n\t\t\t\t<span class=\"elementor-post-avatar\">\n\t\t\tNo Comments\t\t<\/span>\n\t\t\t\t<\/div>\n\t\t\t\t<div class=\"elementor-post__excerpt\">\n\t\t\t<p>Ind\u00fastria da constru\u00e7\u00e3o \u00e9 composta pela execu\u00e7\u00e3o de obras diversas, envolvendo a constru\u00e7\u00e3o de pr\u00e9dios, casas, plantas industriais e infraestrutura urbana e rural. \u00c9 uma<\/p>\n\t\t<\/div>\n\t\t\n\t\t<a class=\"elementor-post__read-more\" href=\"https:\/\/construtora.criandoseusite.com.br\/projetos\/o-que-e-industria-da-construcao\/\" aria-label=\"Read more about O que \u00e9 Ind\u00fastria da constru\u00e7\u00e3o?\" >\n\t\t\tLeia mais\u00bb\t\t<\/a>\n\n\t\t\t\t<\/div>\n\t\t\t\t<\/article>\n\t\t\t\t<\/div>\n\t\t\n\t\t\t\t<\/div>\n\t\t\t\t<\/div>\n\t\t\t\t<\/div>\n\t\t\t\t\t<\/div>\n\t\t\t\t<\/div>\n\t\t\t\t\t\t\t<\/div>\n\t\t","protected":false},"excerpt":{"rendered":"<p>Bem-vindo ao nosso blog \u00daltimas Postagens Lorem ipsum dolor sit amet, consectetur adipiscing elit. Ut elit tellus, luctus nec t elit tellus, luctus nec ullamcorper mattis, pulvinar dapibus leo.<\/p>\n","protected":false},"author":2,"featured_media":0,"parent":0,"menu_order":0,"comment_status":"closed","ping_status":"closed","template":"elementor_header_footer","meta":[],"_links":{"self":[{"href":"https:\/\/construtora.criandoseusite.com.br\/projetos\/wp-json\/wp\/v2\/pages\/33"}],"collection":[{"href":"https:\/\/construtora.criandoseusite.com.br\/projetos\/wp-json\/wp\/v2\/pages"}],"about":[{"href":"https:\/\/construtora.criandoseusite.com.br\/projetos\/wp-json\/wp\/v2\/types\/page"}],"author":[{"embeddable":true,"href":"https:\/\/construtora.criandoseusite.com.br\/projetos\/wp-json\/wp\/v2\/users\/2"}],"replies":[{"embeddable":true,"href":"https:\/\/construtora.criandoseusite.com.br\/projetos\/wp-json\/wp\/v2\/comments?post=33"}],"version-history":[{"count":34,"href":"https:\/\/construtora.criandoseusite.com.br\/projetos\/wp-json\/wp\/v2\/pages\/33\/revisions"}],"predecessor-version":[{"id":566,"href":"https:\/\/construtora.criandoseusite.com.br\/projetos\/wp-json\/wp\/v2\/pages\/33\/revisions\/566"}],"wp:attachment":[{"href":"https:\/\/construtora.criandoseusite.com.br\/projetos\/wp-json\/wp\/v2\/media?parent=33"}],"curies":[{"name":"wp","href":"https:\/\/api.w.org\/{rel}","templated":true}]}}